14264284 is divided by 445758.
28
What is the remainder when 236004 is divided by 613?
612
Calculate the remainder when 2070308 is divided by 141.
5
What is the remainder when 28107 is divided by 858?
651
What is the remainder when 2758970 is divided by 7?
4
Calculate the remainder when 6065888 is divided by 21.
17
What is the remainder when 284599 is divided by 4521?
4297
Calculate the remainder when 5947180 is divided by 85.
70
What is the remainder when 1607951 is divided by 479?
427
What is the remainder when 979687 is divided by 198?
181
Calculate the remainder when 1354775 is divided by 30.
5
Calculate the remainder when 2372861 is divided by 49430.
221
What is the remainder when 400530 is divided by 200238?
54
What is the remainder when 5554503 is divided by 63111?
735
Calculate the remainder when 1476509 is divided by 1106.
1105
What is the remainder when 1347234 is divided by 963?
960
Calculate the remainder when 35949 is divided by 35748.
201
Calculate the remainder when 39984 is divided by 1308.
744
What is the remainder when 105861 is divided by 335?
1
Calculate the remainder when 914930 is divided by 2.
0
Calculate the remainder when 4018738 is divided by 132.
130
What is the remainder when 106111 is divided by 522?
145
What is the remainder when 25572 is divided by 343?
190
Calculate the remainder when 767493359 is divided by 83.
78
What is the remainder when 79636 is divided by 525?
361
Calculate the remainder when 407471 is divided by 7145.
206
What is the remainder when 6752 is divided by 953?
81
Calculate the remainder when 1102363 is divided by 84763.
444
What is the remainder when 9258988 is divided by 117202?
30
Calculate the remainder when 315201 is divided by 343.
327
What is the remainder when 122636588 is divided by 527?
526
What is the remainder when 644095 is divided by 351?
10
What is the remainder when 534459 is divided by 111?
105
Calculate the remainder when 89965 is divided by 8655.
3415
What is the remainder when 481706 is divided by 481675?
31
What is the remainder when 1062550 is divided by 716?
6
Calculate the remainder when 22757 is divided by 430.
397
What is the remainder when 145812 is divided by 1088?
20
What is the remainder when 143613787 is divided by 14?
9
Calculate the remainder when 10655941 is divided by 2315.
2311
What is the remainder when 56926 is divided by 1422?
46
Calculate the remainder when 102037 is divided by 717.
223
What is the remainder when 83360359 is divided by 8124?
8119
Calculate the remainder when 5370 is divided by 5000.
370
Calculate the remainder when 50184 is divided by 24251.
1682
What is the remainder when 1837238 is divided by 50?
38
Calculate the remainder when 174736 is divided by 1165.
1151
What is the remainder when 4259280 is divided by 806?
376
What is the remainder when 66090 is divided by 33008?
74
Calculate the remainder when 1079744 is divided by 1891.
1874
What is the remainder when 11992 is divided by 381?
181
Calculate the remainder when 1862740 is divided by 1603.
54
What is the remainder when 12050810 is divided by 2109?
2093
What is the remainder when 8718649 is divided by 177924?
373
Calculate the remainder when 6844833 is divided by 360254.
7
What is the remainder when 4657481 is divided by 3723?
8
What is the remainder when 151111269 is divided by 37777811?
25
What is the remainder when 8252213 is divided by 2750575?
488
What is the remainder when 9961800 is divided by 9?
6
Calculate the remainder when 70460 is divided by 308.
236
What is the remainder when 992399 is divided by 12?
11
Calculate the remainder when 202634 is divided by 8104.
34
Calculate the remainder when 386040 is divided by 2821.
2384
What is the remainder when 471639361 is divided by 119?
116
Calculate the remainder when 2989266 is divided by 715.
566
What is the remainder when 322199 is divided by 144?
71
What is the remainder when 1356680 is divided by 69?
2
Calculate the remainder when 127918 is divided by 12791.
8
Calculate the remainder when 288305 is divided by 4367.
83
Calculate the remainder when 10496167 is divided by 1112.
1111
Calculate the remainder when 73006 is divided by 1369.
449
Calculate the remainder when 651442 is divided by 370.
242
What is the remainder when 23712463 is divided by 3387493?
12
Calculate the remainder when 12630758 is divided by 2105123.
20
Calculate the remainder when 7591305 is divided by 13.
7
Calculate the remainder when 10157328 is divided by 10157324.
4
What is the remainder when 35242211 is divided by 14?
11
What is the remainder when 191774044 is divided by 27?
10
Calculate the remainder when 266525 is divided by 86.
11
Calculate the remainder when 194067 is divided by 843.
177
Calculate the remainder when 60392237 is divided by 63.
59
Calculate the remainder when 7271 is divided by 1727.
363
What is the remainder when 136396 is divided by 17?
5
Calculate the remainder when 9481 is divided by 8369.
1112
What is the remainder when 31753 is divided by 31713?
40
Calculate the remainder when 9535440 is divided by 2553.
2538
Calculate the remainder when 3977390 is divided by 152972.
118
What is the remainder when 453889379 is divided by 21?
20
Calculate the remainder when 115301471 is divided by 429.
428
What is the remainder when 2467317 is divided by 59?
55
What is the remainder when 7964523 is divided by 234?
99
What is the remainder when 83829581 is divided by 1394?
1391
What is the remainder when 23632647 is divided by 2038?
2037
What is the remainder when 29254 is divided by 1323?
148
Calculate the remainder when 501647 is divided by 121.
102
Calculate the remainder when 176244 is divided by 1450.
794
What is the remainder when 922348 is divided by 189?
28
Calculate the remainder when 960601 is divided by 320197.
10
What is the remainder when 478945 is divided by 3601?
12
What is the remainder when 475394 is divided by 7867?
3374
Calculate the remainder when 172181 is divided by 43013.
129
What is the remainder when 2175070 is divided by 114477?
7
Calculate the remainder when 25145739 is divided by 53.
48
What is the remainder when 19717799 is divided by 475?
74
What is the remainder when 1888233 is divided by 3342?
3
Calculate the remainder when 1818391 is divided by 129844.
575
Calculate the remainder when 9345978 is divided by 55.
48
What is the remainder when 1859348 is divided by 21370?
158
Calculate the remainder when 132948 is divided by 414.
54
Calculate the remainder when 6306997 is divided by 55.
37
Calculate the remainder when 22250820 is divided by 139.
117
Calculate the remainder when 560082 is divided by 1015.
817
What is the remainder when 20244 is divided by 824?
468
Calculate the remainder when 10285996 is divided by 857163.
40
What is the remainder when 195869 is divided by 97784?
301
What is the remainder when 626944 is divided by 25077?
19
Calculate the remainder when 6230 is divided by 1548.
38
What is the remainder when 4090139 is divided by 24346?
11
What is the remainder when 810500 is divided by 54032?
20
Calculate the remainder when 2073084 is divided by 22.
2
Calculate the remainder when 473131 is divided by 273.
22
Calculate the remainder when 12120211 is divided by 159476.
35
What is the remainder when 548690 is divided by 273648?
1394
What is the remainder when 370130172 is divided by 16?
12
What is the remainder when 110184154 is divided by 935?
14
What is the remainder when 205418 is divided by 125?
43
What is the remainder when 690411 is divided by 956?
179
Calculate the remainder when 21721434 is divided by 825.
9
What is the remainder when 7549771 is divided by 468?
463
What is the remainder when 4744601 is divided by 1396?
993
What is the remainder when 369824 is divided by 2523?
1466
Calculate the remainder when 397161 is divided by 1240.
361
What is the remainder when 151039710 is divided by 8?
6
What is the remainder when 57153792 is divided by 1544697?
3
Calculate the remainder when 313475 is divided by 156719.
37
Calculate the remainder when 432645521 is divided by 325.
321
Calculate the remainder when 72631 is divided by 31405.
9821
Calculate the remainder when 266993046 is divided by 2404.
2402
Calculate the remainder when 2646308 is divided by 109.
6
What is the remainder when 119308 is div